 prime factors of g?
3
Suppose 4*u = -0*a - a + 3330, a + u = 3327. List the prime factors of a.
2, 1663
Suppose 0 = -5*v + v + 16. Suppose -31 = -5*m + v. Suppose 4*t - 80 = 4*i, m*i - 3*i - 25 = -t. What are the prime factors of t?
3, 7
Suppose -6*u + 431 + 1111 = 0. What are the prime factors of u?
257
Let y(d) = d**3 + 2*d**2 - 9*d + 9. Let s be y(5). Let x = 243 - s. What are the prime factors of x?
2, 13
Let y be 3/6*(-3 + 9). Suppose 0*u = y*u + x - 18, -9 = -3*x. Suppose -5*s = u*f - 100, 0 = s - 0*s + 3. What are the prime factors of f?
23
Let a(f) = -7*f**2 + 53*f - 23. What are the prime factors of a(7)?
5
Suppose -5*x + y = -8, 5*x + 5 = -y + 17. Suppose -x*k + 3*k = 9. What are the prime factors of (-4 - -1 - -3) + k?
3
Let m be (-805)/(-49) + 9/(-21). Let u = m + 7. What are the prime factors of u?
23
Let p(a) = -2. Let x(g) = -g + 3. Let w(u) = -4*p(u) - 3*x(u). Let n be w(1). Suppose n*l = -3*z + 15, 5*z - z - 12 = 0. List the prime factors of l.
3
Let n(l) = 3*l**2 - 16*l + 13. List the prime factors of n(-5).
2, 3, 7
Let o(r) be the second derivative of 6*r + 11/6*r**3 - 9/2*r**2 - 1/12*r**4 + 0. What are the prime factors of o(9)?
3
Let s(t) = t**3 + 7*t**2 - 18*t + 9. Let z be s(-9). What are the prime factors of 2/z + (-6616)/(-36)?
2, 23
Let z(o) = -180*o + 189. List the prime factors of z(-6).
3, 47
Suppose 5*c - 13 - 2 = 0, -3*s + 288 = c. Suppose -3*p - 2*i = -8*p + s, -3*p - 4*i + 83 = 0. Let j = p - -6. List the prime factors of j.
3
Let r(y) = -9*y**2 + 3*y + 3. Let p(o) = -9*o**2 + 4*o + 4. Let b(j) = -4*p(j) + 5*r(j). Let s be b(-1). Let m(u) = u + 17. List the prime factors of m(s).
2
Let l(j) = j - 1. Let o be l(1). Let q = 5 + o. Suppose -3*s - q = -4*s, -3*x + 3*s + 174 = 0. List the prime factors of x.
3, 7
What are the prime factors of (7 - (0 - -7)) + 828?
2, 3, 23
Let k(a) = 4*a**2 + 8*a + 77. What are the prime factors of k(-12)?
557
Suppose 0 = -8*v + 109 + 331. List the prime factors of v.
5, 11
Let h(x) = 569*x**2 - 71*x + 1. What are the prime factors of h(-3)?
5, 11, 97
Let d be (9/6)/((-4)/(-8)). Suppose 0 = -d*k - 20 - 16. What are the prime factors of (-48)/(-60) + k/(-10)?
2
Let l(o) = 23*o**2 + 1. Let f be l(1). Let y be 7*(f/(-14))/(-2). Suppose -a - 8 = -t, -2*t = -y*t + 5*a + 34. List the prime factors of t.
2, 3
Let m(h) = -2*h - 7. Let j be m(6). Let r = 55 + j. List the prime factors of r.
2, 3
Let m(l) = -l - 5. Let o be m(-5). Suppose o = -24*z + 26*z. Suppose -4*s + x + 65 = -s, z = -4*s - 2*x + 70. List the prime factors of s.
2, 5
Let y = -100 - -56. Let q = -31 - y. Suppose 2*d - q - 25 = 0. List the prime factors of d.
19
Let y(l) be the third derivative of -l**6/240 + l**5/20 + 7*l**4/24 - 2*l**2. Let v(b) be the second derivative of y(b). What are the prime factors of v(-12)?
2, 3, 7
Suppose 0 = -0*w - 3*w - 4*v - 123, 4*w + 189 = 3*v. What are the prime factors of w/(-20) - (-3)/4?
3
Let x(k) = -2*k - 16. Let c be x(-4). What are the prime factors of 3232/36 - (c/(-18))/(-2)?
2, 3, 5
Let p be (57/(-38))/(3/(-8)). What are the prime factors of 7/((-21)/40)*(-18)/p?
2, 3, 5
Suppose 3*n = 5*t + 725, -9*n + 5*n + 3*t + 985 = 0. What are the prime factors of n - (8/(-28) - (-23)/7)?
13, 19
Let c(l) = l - 1. Let g(p) = 5*p - 2. Let h(i) = -c(i) + g(i). Let x be h(8). Suppose 0 = -5*u - 6 + x. List the prime factors of u.
5
Suppose -8 = -3*o + 13. Let m be -1 + 1 + o + -16. Let k = 32 - m. What are the prime factors of k?
41
Let t = 48 + -83. Let n be (-1110)/t + 6/21. Let u = n - 10. What are the prime factors of u?
2, 11
Let c be (-22)/(-5) - 4/10. Suppose m - 2*l - 12 = -m, -2*m = -c*l - 18. Suppose m*z - 5*z = -5*s - 55, -52 = -2*z + 2*s. List the prime factors of z.
5
What are the prime factors of (-2 - 578/(-4)) + 13/26?
11, 13
Suppose 0 = p - 6*p. Let t be (p + 0 + 1)*0. Suppose t*l = 3*l - 72. What are the prime factors of l?
2, 3
Let i(g) = -5*g**2 + 28*g + 31*g + 4*g**2 - 11 - 80*g. List the prime factors of i(-7).
3, 29
Let d = 86 - -51. Let m = -599 + 502. Let v = d + m. What are the prime factors of v?
2, 5
Suppose -5*k = z - 167, -2*z - 3*z = -3*k + 89. Let w = k - -52. List the prime factors of w.
5, 17
Let w(h) = 2*h**2 + 5*h - 9. Let c be w(-6). Suppose 5*u = 2*n + c, 37 = -3*n + 2*u + 3*u. List the prime factors of 32/n*2/(-1).
2
Suppose 4*a = -0*a + 5*b + 32, -3*b = a + 9. Suppose a*i = 42 + 18. Suppose 3*l = -i + 116. What are the prime factors of l?
2
Let l = -9 + 19. Let t = l - 7. Suppose 5*b - 52 - 9 = -2*z, 0 = z + t*b - 32. List the prime factors of z.
23
List the prime factors of (682/4)/(27/54).
11, 31
Suppose 0 = 3*j + 3*t + 22 + 17, -14 = 2*j + 5*t. Let d = 22 + j. Suppose d*x - 26 = 3*x. What are the prime factors of x?
13
Let b(i) = 20*i**2 + 25. What are the prime factors of b(10)?
3, 5
Suppose -17*g + 898 = -1329. List the prime factors of g.
131
Suppose -h = 4*c + 3, -12 = 4*h - 3*c - c. List the prime factors of 520/25 - ((-9)/(-15))/h.
3, 7
What are the prime factors of 158972/52 + 32/(-208)?
3, 1019
Suppose -4*s + 1 + 11 = 0. Let a be (-6 - -2)*s/(-4). Let r(w) = w. List the prime factors of r(a).
3
Let p(x) = x**2 - 6. Let i be p(-3). Suppose i*d - 3*a = 8 + 1, 0 = -5*d + 2*a + 15. Suppose 0*k + d*k = 36. What are the prime factors of k?
2, 3
Let k = -8 - -12. List the prime factors of (-3)/12 - (-113)/k.
2, 7
Let f(o) = o**3 + 28*o**2 - 4*o + 1. Let b be 2*-1*(24 - 10). What are the prime factors of f(b)?
113
Suppose 13 = 4*l + 5, -4*l - 12 = -4*j. Suppose -d - 68 = -j*d. What are the prime factors of d?
17
Let h(w) = -w**3 - 2*w**2 + 4. Let k be h(-2). Let q be 3 - -34 - (8 - k). Let t = q - 25. List the prime factors of t.
2
Let f(l) = -l**3 - 9*l**2 - 15*l - 2. Let k be f(-8). Suppose -k = -10*i + 7*i. List the prime factors of i.
2, 3
Let z(t) = -11*t - 1. Let p be z(-1). Let c be (3 - -2 - 0) + -2. Suppose -5*o = -5*s + c*s + 32, -3*s + p = 2*o. What are the prime factors of s?
2, 3
Let p = 19 + -17. Suppose -p*b + 137 = 39. List the prime factors of b.
7
Suppose 194*b - 180*b - 1176 = 0. What are the prime factors of b?
2, 3, 7
Let i = -12 - -17. Let x = i + -1. List the prime factors of ((-4)/2)/(x/(-44)).
2, 11
Suppose 3*v + 5*i - 9 = 7*v, 0 = -v - 4*i - 18. List the prime factors of ((-104)/v)/(4/18).
2, 3, 13
List the prime factors of (1 - -3) + 268/((-5)/(-5)).
2, 17
Let o = 38 - 35. Let b(y) = 3*y**2 - 3*y - 2. What are the prime factors of b(o)?
2
Suppose -11*c - 4584 = -15*c. List the prime factors of c.
2, 3, 191
List the prime factors of (-40908)/(-15) - 49/245.
3, 101
Let m(j) = 63*j - 4. Let v be m(6). List the prime factors of 8 + -5 + v/2.
2, 5, 19
Let w = 824 - 763. List the prime factors of w.
61
Let b = 52 + -64. Let z(t) = 16*t**3 - t**2. Let m be z(1). Let s = m + b. List the prime factors of s.
3
Suppose -2*a - a = 4*b - 2099, -4*b = 2*a - 1394. List the prime factors of a.
3, 5, 47
Let w be ((-54)/(-5))/(4/480*2). Suppose w = 4*l - 0*l. List the prime factors of l.
2, 3
Let n(p) = p**3 + 15*p + 13*p**2 - 11 + p**3 - 3*p**3. Let t be n(14). List the prime factors of 13 + t/(-3) + 3.
3, 5
Let h(r) = 10*r**2 - 63. What are the prime factors of h(12)?
3, 17
Let k(z) = 45*z**2 + z - 31. List the prime factors of k(-4).
5, 137
Let w(u) = u**3 + 11*u**2 - 10*u + 29. Let l be w(-12). Suppose -l*j + 1 = -159. List the prime factors of j.
2
Let d(q) = -5*q**3 - 13*q**2 - 4*q - 11. Let m(r) = 12 + 4*r**3 + 4*r + 5*r - 3*r - 3*r + 13*r**2. Let a(t) = 3*d(t) + 4*m(t). List the prime factors of a(-13).
3, 5
Let u(d) = 7*d + d**3 - 69 + 4*d + 21*d**2 + 40 + 4*d. List the prime factors of u(-20).
71
What are the prime factors of 3/21 + 1 + (-1538)/(-14)?
3, 37
Suppose 3*t - 3 - 9 = 0. Let w(s) be the first derivative of 9*s**2 - 3*s - 62. What are the prime factors of w(t)?
3, 23
Suppose 9 = -3*d, -3*i + 3 = 3*d - 2*d. Suppose i*r - 71 = g + 34, -4*g = 3*r - 141. What are the prime factors of r?
3, 17
What are the prime factors of (-4)/(-12) + (-2868)/(-9)?
11, 29
Suppose 0 = 4*w + 32 + 64. Let o be 4/w + 33/(-18). What are the prime factors of 2*o/4 + 20?
19
Suppose -f = -5*m - 42, 5*f - 131 = -4*m - 8. Let t = f + -21. What are the prime factors of t?
2, 3
Suppose -24*d - 6*d = -64020. What are the prime factors of d?
2, 11, 97
L